{"id":5,"date":"2019-02-03T16:47:33","date_gmt":"2019-02-03T15:47:33","guid":{"rendered":"https:\/\/glarnerkoenigin.ch\/?page_id=5"},"modified":"2026-03-02T14:07:28","modified_gmt":"2026-03-02T12:07:28","slug":"front-page","status":"publish","type":"page","link":"https:\/\/glarnerkoenigin.ch\/","title":{"rendered":"Front Page"},"content":{"rendered":"<p><!-- epsilon\/hero --><br \/>\n&nbsp;<\/p>\n<p>&nbsp;<\/p>\n<p>&nbsp;<\/p>\n<p>&nbsp;<\/p>\n<p>&nbsp;<\/p>\n<p>&nbsp;<\/p>\n<p>&nbsp;<\/p>\n<p>&nbsp;<\/p>\n<p>&nbsp;<\/p>\n<p>&nbsp;<\/p>\n<p>&nbsp;<\/p>\n<p>&nbsp;<\/p>\n<p>&nbsp;<\/p>\n<p>&nbsp;<\/p>\n<p>&nbsp;<\/p>\n<p>&nbsp;<\/p>\n<p>&nbsp;<\/p>\n<p>&nbsp;<\/p>\n<p>&nbsp;<br \/>\n<img decoding=\"async\" src=\"https:\/\/glarnerkoenigin.ch\/wp-content\/uploads\/2019\/03\/Startseite2.jpg\" \/><br \/>\n<!-- \/epsilon\/hero --><\/p>\n<p><!-- epsilon\/about --><\/p>\n<h1>Glarner Apis mellifera mellifera-K\u00f6nigin<\/h1>\n<p>Willkommen auf der Bestellseite f\u00fcr K\u00f6niginnen der Glarner <em>Apis mellifera mellifera<\/em>.<\/p>\n<p>Diese heimische Dunkle Biene ist an Klima und Umwelt bestens angepasst, und ihre Erhaltung wird durch z\u00fcchterische Selektion unterst\u00fctzt. Die Genetik der Dunklen Biene wird im Glarner Schutzgebiet einerseits abgeschirmt, andererseits wird der Gen-Pool immer wieder aufgefrischt durch die Begattung mit Drohnen aus ausschliesslich Glarner Herk\u00fcnften. Sowohl die Glarner K\u00f6niginnen als auch die begattenden Drohnenv\u00f6lker haben ein rassereines DNA-Profil.<\/p>\n<p>Ihren Hochzeitsflug treten die angehenden <em>Mellifera mellifera<\/em>-K\u00f6niginnen auf den ideal zus\u00e4tzlich abgelegenen Belegstellen <a href=\"https:\/\/mellifera.ch\/m01-krauchtal\/\">M01 Krauchtal<\/a> oder <a href=\"http:\/\/www.glarner-bienenfreunde.ch\/?Zuchtgruppe\/Die-Belegstelle-Sernftal-%28M42%29\">M42 Sernftal<\/a> innerhalb des Schutzgebietes Glarnerland an.<\/p>\n<p><a class=\"btn\" href=\"https:\/\/glarnerkoenigin.ch\/?page_id=22\">Reservationen<\/a> \u2003 \u2003 \u2003 \u2003 \u2003 \u2003 \u2003 <a class=\"btn\" href=\"https:\/\/glarnerkoenigin.ch\/?page_id=29\">\u00dcber uns<\/a><br \/>\n<!-- \/epsilon\/about --><\/p>\n","protected":false},"excerpt":{"rendered":"<p>&nbsp; &nbsp; &nbsp; &nbsp; &nbsp; &nbsp; &nbsp; &nbsp; &nbsp; &nbsp; &nbsp; &nbsp; &nbsp; &nbsp; &nbsp; &nbsp; &nbsp; &nbsp; &nbsp; Glarner Apis mellifera mellifera-K\u00f6nigin Willkommen auf der Bestellseite f\u00fcr K\u00f6niginnen der Glarner Apis mellifera mellifera. Diese heimische Dunkle Biene ist an Klima und Umwelt bestens angepasst, und ihre Erhaltung wird durch z\u00fcchterische Selektion unterst\u00fctzt. Die Genetik [&hellip;]<\/p>\n","protected":false},"author":1,"featured_media":0,"parent":0,"menu_order":0,"comment_status":"closed","ping_status":"closed","template":"","meta":{"om_disable_all_campaigns":false,"_monsterinsights_skip_tracking":false,"_monsterinsights_sitenote_active":false,"_monsterinsights_sitenote_note":"","_monsterinsights_sitenote_category":0,"footnotes":""},"class_list":["post-5","page","type-page","status-publish","hentry"],"aioseo_notices":[],"_links":{"self":[{"href":"https:\/\/glarnerkoenigin.ch\/index.php?rest_route=\/wp\/v2\/pages\/5","targetHints":{"allow":["GET"]}}],"collection":[{"href":"https:\/\/glarnerkoenigin.ch\/index.php?rest_route=\/wp\/v2\/pages"}],"about":[{"href":"https:\/\/glarnerkoenigin.ch\/index.php?rest_route=\/wp\/v2\/types\/page"}],"author":[{"embeddable":true,"href":"https:\/\/glarnerkoenigin.ch\/index.php?rest_route=\/wp\/v2\/users\/1"}],"replies":[{"embeddable":true,"href":"https:\/\/glarnerkoenigin.ch\/index.php?rest_route=%2Fwp%2Fv2%2Fcomments&post=5"}],"version-history":[{"count":37,"href":"https:\/\/glarnerkoenigin.ch\/index.php?rest_route=\/wp\/v2\/pages\/5\/revisions"}],"predecessor-version":[{"id":3918,"href":"https:\/\/glarnerkoenigin.ch\/index.php?rest_route=\/wp\/v2\/pages\/5\/revisions\/3918"}],"wp:attachment":[{"href":"https:\/\/glarnerkoenigin.ch\/index.php?rest_route=%2Fwp%2Fv2%2Fmedia&parent=5"}],"curies":[{"name":"wp","href":"https:\/\/api.w.org\/{rel}","templated":true}]}}

<p><!-- epsilon/hero --><br />
&nbsp;</p>
<p>&nbsp;</p>
<p>&nbsp;</p>
<p>&nbsp;</p>
<p>&nbsp;</p>
<p>&nbsp;</p>
<p>&nbsp;</p>
<p>&nbsp;</p>
<p>&nbsp;</p>
<p>&nbsp;</p>
<p>&nbsp;</p>
<p>&nbsp;</p>
<p>&nbsp;</p>
<p>&nbsp;</p>
<p>&nbsp;</p>
<p>&nbsp;</p>
<p>&nbsp;</p>
<p>&nbsp;</p>
<p>&nbsp;<br />
<img decoding="async" src="https://glarnerkoenigin.ch/wp-content/uploads/2019/03/Startseite2.jpg" /><br />
<!-- /epsilon/hero --></p>
<p><!-- epsilon/about --></p>
<h1>Glarner Apis mellifera mellifera-Königin</h1>
<p>Willkommen auf der Bestellseite für Königinnen der Glarner <em>Apis mellifera mellifera</em>.</p>
<p>Diese heimische Dunkle Biene ist an Klima und Umwelt bestens angepasst, und ihre Erhaltung wird durch züchterische Selektion unterstützt. Die Genetik der Dunklen Biene wird im Glarner Schutzgebiet einerseits abgeschirmt, andererseits wird der Gen-Pool immer wieder aufgefrischt durch die Begattung mit Drohnen aus ausschliesslich Glarner Herkünften. Sowohl die Glarner Königinnen als auch die begattenden Drohnenvölker haben ein rassereines DNA-Profil.</p>
<p>Ihren Hochzeitsflug treten die angehenden <em>Mellifera mellifera</em>-Königinnen auf den ideal zusätzlich abgelegenen Belegstellen <a href="https://mellifera.ch/m01-krauchtal/">M01 Krauchtal</a> oder <a href="http://www.glarner-bienenfreunde.ch/?Zuchtgruppe/Die-Belegstelle-Sernftal-%28M42%29">M42 Sernftal</a> innerhalb des Schutzgebietes Glarnerland an.</p>
<p><a class="btn" href="https://glarnerkoenigin.ch/?page_id=22">Reservationen</a>               <a class="btn" href="https://glarnerkoenigin.ch/?page_id=29">Über uns</a><br />
<!-- /epsilon/about --></p>

<p>&nbsp; &nbsp; &nbsp; &nbsp; &nbsp; &nbsp; &nbsp; &nbsp; &nbsp; &nbsp; &nbsp; &nbsp; &nbsp; &nbsp; &nbsp; &nbsp; &nbsp; &nbsp; &nbsp; Glarner Apis mellifera mellifera-Königin Willkommen auf der Bestellseite für Königinnen der Glarner Apis mellifera mellifera. Diese heimische Dunkle Biene ist an Klima und Umwelt bestens angepasst, und ihre Erhaltung wird durch züchterische Selektion unterstützt. Die Genetik [&hellip;]</p>
